+ 9*n**2 - 8*n + 6. Let v = 2 + 2. Suppose 2*d - 6 = -2*i + 2, -v*i = -4*d + 48. List the prime factors of x(d).
2, 3
Suppose -6*c + 8*c = 0. Suppose k = -c*k. Suppose -b + k*b = -22. List the prime factors of b.
2, 11
Let k = 8569 + -5957. What are the prime factors of k?
2, 653
Let a be -197 + (-3)/(3/4). Let j = -132 - a. List the prime factors of j.
3, 23
Let f = 522 + -85. List the prime factors of f.
19, 23
What are the prime factors of (-42)/(-18)*(8 + 100)?
2, 3, 7
Suppose 8*q - 374 = -950. Let z = q - -146. List the prime factors of z.
2, 37
Let f(u) = -36*u - 3. Let m be f(4). Let o(l) = l + 1. Let g be o(-4). What are the prime factors of m/(-6 - g) + -3?
2, 23
Let z(y) = 20 + 11 - 17 - 12*y - y**2. List the prime factors of z(-12).
2, 7
Suppose -2*u + 1850 = 630. List the prime factors of u.
2, 5, 61
Suppose 3*r = 50 - 23. Suppose -244 = -r*h + 5*h. List the prime factors of h.
61
What are the prime factors of ((-17)/17)/((-4)/1304)?
2, 163
Suppose 2*o + 2*o = -524. Let u = o + 196. What are the prime factors of u?
5, 13
Suppose x + 1 = 0, -m + 0*x + 7 = -2*x. Suppose 2*w + 481 = 3*n, -6*w + m*w = -4. What are the prime factors of n?
163
Let j(h) = -h**3 - 17*h**2 + 8*h + 11. What are the prime factors of j(-18)?
191
Suppose 2*c + u - 5471 = 0, -6*u + 4*u - 8210 = -3*c. List the prime factors of c.
2, 3, 19
Suppose z + z = 6. Suppose -2*h = -z*h + 37. What are the prime factors of h?
37
Suppose 2*z - 22 = k - z, -3*z + 38 = -2*k. Let a be (18/12)/((-1)/22). Let o = k - a. What are the prime factors of o?
17
Let s = 7 - -12. Let a = -13 + s. List the prime factors of 2 + (3 - a - -30).
29
Suppose 0 = -5*c + 4*w - 335, -w - 3*w = -c - 67. Let r = -58 - c. What are the prime factors of r?
3
Suppose 145 = 2*i + 123. What are the prime factors of i?
11
Let o be (-1)/((-10)/15)*(-4)/3. List the prime factors of (-1)/((-1)/(-24)*o).
2, 3
Let a(z) = 2*z**3 + 7*z**2 + 5*z + 1. Let y be a(-6). List the prime factors of (-1 + 2)*y/(-11).
19
Let m be (0/(-6))/(-1 + 0). Let q(g) = g**2 - 2*g + 18. What are the prime factors of q(m)?
2, 3
Let m = 2622 - -465. What are the prime factors of m?
3, 7
Let f(v) = -v**2 + 15*v + 15. Let a be -1*1/((-3)/36). List the prime factors of f(a).
3, 17
Let a = -26 + -8. Let h = a + 74. What are the prime factors of h?
2, 5
Let j(o) be the third derivative of 35*o**4/24 + o**3 - 11*o**2. List the prime factors of j(3).
3, 37
Let m be 165/(-45)*(-2 + -1). Let z(x) = 12*x + 58. List the prime factors of z(m).
2, 5, 19
Let s(o) = -o**3 + 14*o**2 + 8*o - 15. Let i be s(14). Let h = 41 + i. List the prime factors of h.
2, 3, 23
Let c(q) = -54*q**3 + q**2 - q - 4. What are the prime factors of c(-2)?
2, 7, 31
Let s be (-12)/8*-866*3/9. Suppose -6*g + s = -929. List the prime factors of g.
227
Suppose 6*i - 1089 - 291 = 0. List the prime factors of i.
2, 5, 23
Let q(l) = 16*l - 4*l**2 - 32*l + 16*l - 2. Let p be q(-2). List the prime factors of 171/(-6)*12/p.
19
Let r be ((-6)/6)/((-1)/2). Suppose r*q + 18 - 98 = 0. List the prime factors of q.
2, 5
What are the prime factors of 12/9*(-34818)/(-56)?
829
Suppose -3*w = 157 + 95. Let p be w/(-22) - 2/(-11). Suppose 3*f + 134 = 3*n - n, 184 = 3*n + p*f. What are the prime factors of n?
2
Let m = 31 - -4. Suppose 2 + 23 = 5*d, -5*i = 4*d - m. Let r(v) = 2*v**2 + 2*v + 4. What are the prime factors of r(i)?
2, 7
Let o = -4 - 8. Let l be o/(-4)*8/12. Suppose 0 = -2*g - s - 2*s + 120, 0 = -l*g + 2*s + 110. What are the prime factors of g?
3, 19
Let x(p) = -p**3 + 7*p**2 - 5*p + 13. Let n be x(7). Let c(l) = -l**3 - 22*l**2 - l - 12. List the prime factors of c(n).
2, 5
Let s = -3 - -6. List the prime factors of (237/(-158))/(2/((-268)/s)).
67
Let x = -310 - 161. Let p = -299 - x. List the prime factors of p.
2, 43
Let g(b) = -b**3 + 9*b**2 - 7*b - 5. Let s be g(8). Suppose -2*y - 7 = -5*o + 2*o, s*o + y = 10. What are the prime factors of 10 + (4 - 1 - o)?
2, 5
Let u = -37 - -459. List the prime factors of u.
2, 211
Let r be 6*-4*25/(-120). Let c be 63/r + (-12)/20. Let q = c - 3. What are the prime factors of q?
3
Suppose y = -o + 204, -3*y - 3*o = -4*o - 592. List the prime factors of y.
199
Let p = 64 + -34. List the prime factors of (14/4)/(3/p).
5, 7
Suppose 3*i + d = 52, 5*i - 99 = d - 15. Let f = -34 - -36. Suppose -5*l = 15, -2*y - f*l = -25 - i. List the prime factors of y.
2, 3
Suppose 6*s - 137 = 391. What are the prime factors of s?
2, 11
Suppose 6*s + 3*v - 486 = 9*s, 0 = 4*s - v + 633. Let f = -103 - s. List the prime factors of f.
2, 3
Suppose -1 = 5*k + 9. Let p be (-18)/k + (-6)/3. Suppose -3*d + p = -8. List the prime factors of d.
5
Let g(r) = -79*r - 27. Let m be g(-5). Suppose -5*y + m = -y. List the prime factors of y.
2, 23
Suppose 6*u - 8*u + 10 = 0. Suppose -r - o = -3*r - 161, 404 = -u*r + 2*o. Let n = 115 + r. What are the prime factors of n?
3, 11
Suppose -3 = -3*x + 3*z - 24, 4*z - 20 = 0. Let o = 20 + x. What are the prime factors of o?
2, 3
Let l be 124/93 - -1*(-4)/(-6). What are the prime factors of (-174)/6*(-2)/l?
29
Let m be -6 - (-2)/1 - 0. List the prime factors of (10/m)/(10/(-600)).
2, 3, 5
Let m(k) = -4*k - 23. Let i be m(17). Let a be 532/i + (-2)/13. Let l(u) = u**2 + u - 13. What are the prime factors of l(a)?
17
Let j = 427 + -285. Suppose -10 - j = -k. What are the prime factors of k?
2, 19
Suppose 57*s - 206034 + 17307 = 0. List the prime factors of s.
7, 11, 43
Let a = 6 - 2. Let u be (-78)/(-21) + a/14. Let m = u + 18. What are the prime factors of m?
2, 11
Let a(l) = l**3 - 10*l**2 - 11*l + 11. Suppose 0 = -2*m - r + 3*r + 16, m - 4*r = -4. Let h be 130/m + 2/12. What are the prime factors of a(h)?
11
Let i = 279 - 281. Let q(t) = 2*t + 4. Let j be q(6). What are the prime factors of i/(-5)*(j + -6)?
2
Let l be 5/((-5)/2) + 4. Suppose 0 = -l*d + 69 + 49. What are the prime factors of d?
59
Suppose 4*a = -3*m + 6490, 3*a = -131*m + 127*m + 8644. List the prime factors of m.
2, 13, 83
Let q = 41 + -43. What are the prime factors of (12/9 + q)*(-798)/4?
7, 19
Let w = -41 + 45. Suppose -4*u + 392 = w*r - 0*r, -u = 2*r - 192. List the prime factors of r.
2, 47
Suppose -8*s + 4*s + 1620 = 0. List the prime factors of s.
3, 5
Suppose 8 - 8 = n. Suppose n = x + x - 178. List the prime factors of x.
89
List the prime factors of (3/(-5))/((-78)/202410).
3, 173
Let a(z) = -14*z**2 + 65*z - 90. Let g(n) = -5*n**2 + 22*n - 30. Let c(j) = -4*a(j) + 11*g(j). What are the prime factors of c(20)?
2, 5, 7
Let t(n) = 291*n**2 - 7*n + 14. List the prime factors of t(3).
2, 653
Suppose -9542 - 13052 = -11*c. List the prime factors of c.
2, 13, 79
Let v = -4 + 8. Suppose -r - w - 3 = 2, -v*r + 5*w = -25. Suppose 13*l - 15*l + 66 = r. What are the prime factors of l?
3, 11
Let i be (6/(-14))/(13/(-91)). Suppose -n - 28 = -i*n. Suppose n*h - 19*h + 105 = 0. List the prime factors of h.
3, 7
Let n(m) = -m**3 + 3*m**2 + 3*m. Suppose -15 = 13*f - 18*f. Let s be n(f). Suppose -b - s = -33. What are the prime factors of b?
2, 3
Suppose -c + 2*h + 70 = 0, c - 5*h - 87 = -2. List the prime factors of (8/5)/(3/c).
2
Suppose 0 = 3*w + j + 3*j - 32, 5*w + 4*j - 40 = 0. Suppose 0 = w*r - 13 + 1. Suppose 0*g + g + 104 = 4*a, r*a = g + 77. List the prime factors of a.
3
Suppose -3*b + b = -3*p, 20 = -2*b - 2*p. What are the prime factors of (-3)/b + 170/4?
43
Let u(t) = -2*t - 3. Let p be u(-6). List the prime factors of ((-231)/9)/((-3)/p).
7, 11
Let d(u) = 10*u**2 - 32. List the prime factors of d(-10).
2, 11
Let d = -24 + 12. Let r = -1 - d. List the prime factors of r.
11
List the prime factors of 6/4*(-31440)/(-45).
2, 131
Let m be ((-2)/5)/(0 - (-5)/25). What are the prime factors of (-1 - m - 0) + 0 + 158?
3, 53
Let w(z) = -z**3 + 3*z**2 - 6*z + 9. Let c(a) = 5*a**3 - 11*a**2 + 24*a - 37. Let x(t) = 2*c(t) + 9*w(t). What are the prime factors of x(-5)?
37
Suppose h + 35 = -4*m - 122, -5*m = 5. Let l = h - -227. List the prime factors of l.
2, 37
List the prime factors of 4/(-3)*(8 - (-3325)/(-20)).
211
Let p = -2 + -125. Let q = p - -196. What are the prime factors of q?
3, 23
Suppose -d = 2*f - 185 - 68, 0 = 2*f + 5*d - 273. Suppose -5*o - 4*i = 408, 0 = 5*o - 5*i + 87 + 303. Let r = f + o. List the prime factors of r.
2, 11
Let u(t) = -2*t**3 - 2*t